{"id":689,"date":"2024-06-25T17:33:41","date_gmt":"2024-06-25T17:33:41","guid":{"rendered":"https:\/\/reservasantaelena.org\/?page_id=689"},"modified":"2026-02-27T17:22:52","modified_gmt":"2026-02-27T17:22:52","slug":"reservaciones","status":"publish","type":"page","link":"https:\/\/reservasantaelena.org\/index.php\/reservaciones\/","title":{"rendered":"Reservaciones"},"content":{"rendered":"\n<div class=\"wp-block-columns alignwide is-layout-flex wp-container-core-columns-is-layout-d2da2050 wp-block-columns-is-layout-flex\" style=\"margin-bottom:0\">\n<div class=\"wp-block-column has-text-color has-background has-link-color wp-elements-61d2a83b4b008298b22bf9f8d60c0455 is-layout-flow wp-block-column-is-layout-flow\" style=\"color:#000000;background:linear-gradient(135deg,rgb(252,185,0) 59%,rgb(255,105,0) 100%);padding-top:2em;padding-right:2em;padding-bottom:2em;padding-left:2em\">\n<h2 class=\"wp-block-heading\" id=\"single\" style=\"font-size:40px\"><strong>Auto Guiado<\/strong><\/h2>\n\n\n\n<p class=\"has-normal-font-size\" style=\"line-height:1.5\"><strong>Caminata por nuestra red de senderos<\/strong> <sub>(no necesita reservaci\u00f3n previa)<\/sub><\/p>\n\n\n\n<hr class=\"wp-block-separator has-text-color has-css-opacity has-background is-style-wide\" style=\"background-color:#000000;color:#000000\"\/>\n\n\n\n<ul class=\"wp-block-list has-normal-font-size\">\n<li>Ingreso General entre las 7:00am a 4:00pm<\/li>\n\n\n\n<li>Ultimo ingreso 3:00pm (Sendero Youth Challenge)<\/li>\n\n\n\n<li>Acceso a la Torre de Observaci\u00f3n<\/li>\n\n\n\n<li>Acceso al Jard\u00edn de Orqu\u00eddeas<\/li>\n<\/ul>\n\n\n\n<div class=\"wp-block-buttons alignfull is-horizontal is-content-justification-center is-layout-flex wp-container-core-buttons-is-layout-03627597 wp-block-buttons-is-layout-flex\">\n<div class=\"wp-block-button has-custom-width wp-block-button__width-100\"><a class=\"wp-block-button__link has-white-color has-text-color has-background no-border-radius wp-element-button\" style=\"background-color:#000000\"><strong>\u20a1<\/strong> 10,000 Adulto Regular<\/a><\/div>\n\n\n\n<div class=\"wp-block-button has-custom-width wp-block-button__width-100\"><a class=\"wp-block-button__link has-white-color has-text-color has-background no-border-radius wp-element-button\" style=\"background-color:#000000\"><strong>\u20a1<\/strong> 8,500 Adulto Mayor<\/a><\/div>\n\n\n\n<div class=\"wp-block-button has-custom-width wp-block-button__width-100\"><a class=\"wp-block-button__link has-white-color has-text-color has-background no-border-radius wp-element-button\" style=\"background-color:#000000\"><strong>\u20a1<\/strong> 7,000 Estudiante (ID)<\/a><\/div>\n\n\n\n<div class=\"wp-block-button has-custom-width wp-block-button__width-100\"><a class=\"wp-block-button__link has-white-color has-text-color has-background no-border-radius wp-element-button\" style=\"background-color:#000000\"><strong>\u20a1<\/strong> 5,500 Ni\u00f1o (8-12)<\/a><\/div>\n<\/div>\n<\/div>\n\n\n\n<div class=\"wp-block-column has-text-color has-background has-link-color wp-elements-168f49aa9159d89719d0d9b00ffcf15d is-layout-flow wp-block-column-is-layout-flow\" style=\"color:#000000;background:linear-gradient(152deg,rgb(202,248,128) 29%,rgb(113,206,126) 100%);padding-top:2em;padding-right:2em;padding-bottom:2em;padding-left:2em\">\n<h6 class=\"wp-block-heading\" id=\"family\" style=\"font-size:40px\"><strong>Guiado General<\/strong> (<sub><sup>Historia Natural<\/sup><\/sub>)<\/h6>\n\n\n\n<p class=\"has-normal-font-size\" style=\"line-height:1.5\"><strong>Disfruta el Bosque Nuboso acompa\u00f1ado de nuestros Gu\u00edas Locales<\/strong><\/p>\n\n\n\n<hr class=\"wp-block-separator has-css-opacity is-style-wide\"\/>\n\n\n\n<ul class=\"wp-block-list has-normal-font-size\">\n<li>Caminata interpretativa por 2.5 horas<\/li>\n\n\n\n<li>Bebida de cortes\u00eda (Caf\u00e9 o T\u00e9)<\/li>\n\n\n\n<li>Grupos de 10 personas<\/li>\n<\/ul>\n\n\n\n<div class=\"wp-block-buttons alignfull is-horizontal is-content-justification-center is-layout-flex wp-container-core-buttons-is-layout-03627597 wp-block-buttons-is-layout-flex\">\n<div class=\"wp-block-button has-custom-width wp-block-button__width-100\"><a class=\"wp-block-button__link has-white-color has-text-color has-background no-border-radius wp-element-button\" style=\"background-color:#000000\"><strong>\u20a1<\/strong> 20,000 Adulto Regular<\/a><\/div>\n\n\n\n<div class=\"wp-block-button has-custom-width wp-block-button__width-100\"><a class=\"wp-block-button__link has-white-color has-text-color has-background no-border-radius wp-element-button\" style=\"background-color:#000000\"><strong>\u20a1<\/strong> 19,000 Adulto Mayor<\/a><\/div>\n\n\n\n<div class=\"wp-block-button has-custom-width wp-block-button__width-100\"><a class=\"wp-block-button__link has-white-color has-text-color has-background no-border-radius wp-element-button\" style=\"background-color:#000000\"><strong>\u20a1<\/strong> 17,500 Estudiante (ID)<\/a><\/div>\n\n\n\n<div class=\"wp-block-button has-custom-width wp-block-button__width-100\"><a class=\"wp-block-button__link has-white-color has-text-color has-background no-border-radius wp-element-button\" style=\"background-color:#000000\"><strong>\u20a1<\/strong> 15,000 Ni\u00f1o (8-12)<\/a><\/div>\n<\/div>\n<\/div>\n\n\n\n<div class=\"wp-block-column has-text-color has-background has-link-color wp-elements-322dbca6a2d4899a789deface8d57a31 is-layout-flow wp-block-column-is-layout-flow\" style=\"color:#000000;background:linear-gradient(135deg,rgb(64,245,245) 0%,rgb(104,210,237) 36%,rgb(4,39,198) 100%);padding-top:2em;padding-right:2em;padding-bottom:2em;padding-left:2em\">\n<h2 class=\"wp-block-heading\" id=\"patron\" style=\"font-size:40px\"><strong>Guiado Privado o Especializado<\/strong> Aves<\/h2>\n\n\n\n<p class=\"has-normal-font-size\"><strong>Una Caminata Guiada con un enfoque espec\u00edfico<\/strong><\/p>\n\n\n\n<hr class=\"wp-block-separator has-css-opacity is-style-wide\"\/>\n\n\n\n<ul class=\"wp-block-list has-normal-font-size\">\n<li>Caminata interpretativa por un m\u00e1ximo de 3 horas<\/li>\n\n\n\n<li>Horario a Conveniencia<\/li>\n\n\n\n<li>1 a 3 personas + 4ta Persona adicional<\/li>\n<\/ul>\n\n\n\n<div class=\"wp-block-buttons alignfull is-horizontal is-content-justification-center is-layout-flex wp-container-core-buttons-is-layout-03627597 wp-block-buttons-is-layout-flex\">\n<div class=\"wp-block-button has-custom-width wp-block-button__width-100\"><a class=\"wp-block-button__link has-white-color has-text-color has-background no-border-radius wp-element-button\" style=\"background-color:#000000\"><strong>\u20a1<\/strong> 80,000 Privada<\/a><\/div>\n\n\n\n<div class=\"wp-block-button has-custom-width wp-block-button__width-100\"><a class=\"wp-block-button__link has-white-color has-text-color has-background no-border-radius wp-element-button\" style=\"background-color:#000000\"><strong>\u20a1<\/strong> 100,000 Especializada<\/a><\/div>\n\n\n\n<div class=\"wp-block-button has-custom-width wp-block-button__width-100\"><a class=\"wp-block-button__link has-white-color has-text-color has-background no-border-radius wp-element-button\" style=\"background-color:#000000\"><strong>\u20a1<\/strong> 20,000 Persona Adicional<\/a><\/div>\n<\/div>\n<\/div>\n<\/div>\n\n\n\n<p class=\"has-text-align-center\">Tarifas vigentes del <strong>1 de enero al 31 de Diciembre 2026<\/strong>. <\/p>\n\n\n\n<div class=\"wp-block-columns is-layout-flex wp-container-core-columns-is-layout-28f84493 wp-block-columns-is-layout-flex\">\n<div class=\"wp-block-column is-layout-flow wp-block-column-is-layout-flow\">\n<iframe frameborder=\"0\" src=\"https:\/\/docs.google.com\/forms\/d\/e\/1FAIpQLSf_W-zYoPgIuJixcVq6rAn3kDn1airCc31HQoGSkJI4C4ypFg\/viewform?usp=sf_link\" class=\"\" style=\"width:100%;max-width:100%;height:2000px\"><\/iframe>\n<\/div>\n\n\n\n<div class=\"wp-block-column is-layout-flow wp-block-column-is-layout-flow\">\n<h2 class=\"wp-block-heading\">Contactos<\/h2>\n\n\n\n<p>Para contactarnos directamente puede utilizar los canales de: <\/p>\n\n\n\n<div class=\"wp-block-buttons is-layout-flex wp-block-buttons-is-layout-flex\">\n<div class=\"wp-block-button is-style-fill\"><a class=\"wp-block-button__link has-ast-global-color-5-color has-light-green-cyan-to-vivid-green-cyan-gradient-background has-text-color has-background has-link-color wp-element-button\" href=\"https:\/\/api.whatsapp.com\/send?phone=50685329090\">Whatsapp<\/a><\/div>\n\n\n\n<div class=\"wp-block-button\"><a class=\"wp-block-button__link has-ast-global-color-5-color has-vivid-cyan-blue-to-vivid-purple-gradient-background has-text-color has-background has-link-color wp-element-button\" href=\"https:\/\/t.me\/ReservaSantaElena\">Telegram<\/a><\/div>\n\n\n\n<div class=\"wp-block-button is-style-fill\"><a class=\"wp-block-button__link has-ast-global-color-5-color has-luminous-vivid-amber-to-luminous-vivid-orange-gradient-background has-text-color has-background has-link-color wp-element-button\" href=\"mailto:reservaciones@reservasantaelena.org\">Correo<\/a><\/div>\n<\/div>\n\n\n\n<div class=\"wp-block-columns is-layout-flex wp-container-core-columns-is-layout-28f84493 wp-block-columns-is-layout-flex\">\n<div class=\"wp-block-column is-layout-flow wp-block-column-is-layout-flow\" style=\"flex-basis:600px\">\n<p>Tel\u00e9fonos: +506 8532 9090<\/p>\n\n\n\n<p>reservaciones@reservasantaelena.org <\/p>\n<\/div>\n\n\n\n<div class=\"wp-block-column is-layout-flow wp-block-column-is-layout-flow\">\n<p><\/p>\n<\/div>\n<\/div>\n\n\n\n<div class=\"wp-block-columns is-layout-flex wp-container-core-columns-is-layout-28f84493 wp-block-columns-is-layout-flex\">\n<div class=\"wp-block-column is-layout-flow wp-block-column-is-layout-flow\">\n<figure class=\"wp-block-image size-large\"><img fetchpriority=\"high\" decoding=\"async\" width=\"699\" height=\"1024\" src=\"https:\/\/reservasantaelena.org\/wp-content\/uploads\/2025\/04\/Reglas-V24-Peq-699x1024.png\" alt=\"\" class=\"wp-image-577\" srcset=\"https:\/\/reservasantaelena.org\/wp-content\/uploads\/2025\/04\/Reglas-V24-Peq-699x1024.png 699w, https:\/\/reservasantaelena.org\/wp-content\/uploads\/2025\/04\/Reglas-V24-Peq-205x300.png 205w, https:\/\/reservasantaelena.org\/wp-content\/uploads\/2025\/04\/Reglas-V24-Peq-768x1125.png 768w, https:\/\/reservasantaelena.org\/wp-content\/uploads\/2025\/04\/Reglas-V24-Peq-1049x1536.png 1049w, https:\/\/reservasantaelena.org\/wp-content\/uploads\/2025\/04\/Reglas-V24-Peq-500x732.png 500w, https:\/\/reservasantaelena.org\/wp-content\/uploads\/2025\/04\/Reglas-V24-Peq-800x1172.png 800w, https:\/\/reservasantaelena.org\/wp-content\/uploads\/2025\/04\/Reglas-V24-Peq-1280x1875.png 1280w, https:\/\/reservasantaelena.org\/wp-content\/uploads\/2025\/04\/Reglas-V24-Peq.png 1311w\" sizes=\"(max-width: 699px) 100vw, 699px\" \/><\/figure>\n<\/div>\n<\/div>\n<\/div>\n<\/div>\n","protected":false},"excerpt":{"rendered":"<p>Auto Guiado Caminata por nuestra red de senderos (no necesita reservaci\u00f3n previa) Guiado General (Historia Natural) Disfruta el Bosque Nuboso [&hellip;]<\/p>\n","protected":false},"author":1,"featured_media":0,"parent":0,"menu_order":0,"comment_status":"closed","ping_status":"closed","template":"","meta":{"_uag_custom_page_level_css":"","site-sidebar-layout":"default","site-content-layout":"","ast-site-content-layout":"","site-content-style":"default","site-sidebar-style":"default","ast-global-header-display":"","ast-banner-title-visibility":"","ast-main-header-display":"","ast-hfb-above-header-display":"","ast-hfb-below-header-display":"","ast-hfb-mobile-header-display":"","site-post-title":"disabled","ast-breadcrumbs-content":"","ast-featured-img":"","footer-sml-layout":"","theme-transparent-header-meta":"","adv-header-id-meta":"","stick-header-meta":"","header-above-stick-meta":"","header-main-stick-meta":"","header-below-stick-meta":"","astra-migrate-meta-layouts":"default","ast-page-background-enabled":"default","ast-page-background-meta":{"desktop":{"background-color":"var(--ast-global-color-4)","background-image":"","background-repeat":"repeat","background-position":"center center","background-size":"auto","background-attachment":"scroll","background-type":"","background-media":"","overlay-type":"","overlay-color":"","overlay-opacity":"","overlay-gradient":""},"tablet":{"background-color":"","background-image":"","background-repeat":"repeat","background-position":"center center","background-size":"auto","background-attachment":"scroll","background-type":"","background-media":"","overlay-type":"","overlay-color":"","overlay-opacity":"","overlay-gradient":""},"mobile":{"background-color":"","background-image":"","background-repeat":"repeat","background-position":"center center","background-size":"auto","background-attachment":"scroll","background-type":"","background-media":"","overlay-type":"","overlay-color":"","overlay-opacity":"","overlay-gradient":""}},"ast-content-background-meta":{"desktop":{"background-color":"var(--ast-global-color-5)","background-image":"","background-repeat":"repeat","background-position":"center center","background-size":"auto","background-attachment":"scroll","background-type":"","background-media":"","overlay-type":"","overlay-color":"","overlay-opacity":"","overlay-gradient":""},"tablet":{"background-color":"var(--ast-global-color-5)","background-image":"","background-repeat":"repeat","background-position":"center center","background-size":"auto","background-attachment":"scroll","background-type":"","background-media":"","overlay-type":"","overlay-color":"","overlay-opacity":"","overlay-gradient":""},"mobile":{"background-color":"var(--ast-global-color-5)","background-image":"","background-repeat":"repeat","background-position":"center center","background-size":"auto","background-attachment":"scroll","background-type":"","background-media":"","overlay-type":"","overlay-color":"","overlay-opacity":"","overlay-gradient":""}},"footnotes":""},"class_list":["post-689","page","type-page","status-publish","hentry"],"aioseo_notices":[],"uagb_featured_image_src":{"full":false,"thumbnail":false,"medium":false,"medium_large":false,"large":false,"1536x1536":false,"2048x2048":false,"awb_sm":false,"awb_md":false,"awb_lg":false,"awb_xl":false},"uagb_author_info":{"display_name":"WalterRBNSE","author_link":"https:\/\/reservasantaelena.org\/index.php\/author\/walterrbnse\/"},"uagb_comment_info":0,"uagb_excerpt":"Auto Guiado Caminata por nuestra red de senderos (no necesita reservaci\u00f3n previa) Guiado General (Historia Natural) Disfruta el Bosque Nuboso [&hellip;]","_links":{"self":[{"href":"https:\/\/reservasantaelena.org\/index.php\/wp-json\/wp\/v2\/pages\/689","targetHints":{"allow":["GET"]}}],"collection":[{"href":"https:\/\/reservasantaelena.org\/index.php\/wp-json\/wp\/v2\/pages"}],"about":[{"href":"https:\/\/reservasantaelena.org\/index.php\/wp-json\/wp\/v2\/types\/page"}],"author":[{"embeddable":true,"href":"https:\/\/reservasantaelena.org\/index.php\/wp-json\/wp\/v2\/users\/1"}],"replies":[{"embeddable":true,"href":"https:\/\/reservasantaelena.org\/index.php\/wp-json\/wp\/v2\/comments?post=689"}],"version-history":[{"count":7,"href":"https:\/\/reservasantaelena.org\/index.php\/wp-json\/wp\/v2\/pages\/689\/revisions"}],"predecessor-version":[{"id":788,"href":"https:\/\/reservasantaelena.org\/index.php\/wp-json\/wp\/v2\/pages\/689\/revisions\/788"}],"wp:attachment":[{"href":"https:\/\/reservasantaelena.org\/index.php\/wp-json\/wp\/v2\/media?parent=689"}],"curies":[{"name":"wp","href":"https:\/\/api.w.org\/{rel}","templated":true}]}}

<div class="wp-block-columns alignwide is-layout-flex wp-container-core-columns-is-layout-d2da2050 wp-block-columns-is-layout-flex" style="margin-bottom:0">
<div class="wp-block-column has-text-color has-background has-link-color wp-elements-61d2a83b4b008298b22bf9f8d60c0455 is-layout-flow wp-block-column-is-layout-flow" style="color:#000000;background:linear-gradient(135deg,rgb(252,185,0) 59%,rgb(255,105,0) 100%);padding-top:2em;padding-right:2em;padding-bottom:2em;padding-left:2em">
<h2 class="wp-block-heading" id="single" style="font-size:40px"><strong>Auto Guiado</strong></h2>



<p class="has-normal-font-size" style="line-height:1.5"><strong>Caminata por nuestra red de senderos</strong> <sub>(no necesita reservación previa)</sub></p>



<hr class="wp-block-separator has-text-color has-css-opacity has-background is-style-wide" style="background-color:#000000;color:#000000"/>



<ul class="wp-block-list has-normal-font-size">
<li>Ingreso General entre las 7:00am a 4:00pm</li>



<li>Ultimo ingreso 3:00pm (Sendero Youth Challenge)</li>



<li>Acceso a la Torre de Observación</li>



<li>Acceso al Jardín de Orquídeas</li>
</ul>



<div class="wp-block-buttons alignfull is-horizontal is-content-justification-center is-layout-flex wp-container-core-buttons-is-layout-03627597 wp-block-buttons-is-layout-flex">
<div class="wp-block-button has-custom-width wp-block-button__width-100"><a class="wp-block-button__link has-white-color has-text-color has-background no-border-radius wp-element-button" style="background-color:#000000"><strong>₡</strong> 10,000 Adulto Regular</a></div>



<div class="wp-block-button has-custom-width wp-block-button__width-100"><a class="wp-block-button__link has-white-color has-text-color has-background no-border-radius wp-element-button" style="background-color:#000000"><strong>₡</strong> 8,500 Adulto Mayor</a></div>



<div class="wp-block-button has-custom-width wp-block-button__width-100"><a class="wp-block-button__link has-white-color has-text-color has-background no-border-radius wp-element-button" style="background-color:#000000"><strong>₡</strong> 7,000 Estudiante (ID)</a></div>



<div class="wp-block-button has-custom-width wp-block-button__width-100"><a class="wp-block-button__link has-white-color has-text-color has-background no-border-radius wp-element-button" style="background-color:#000000"><strong>₡</strong> 5,500 Niño (8-12)</a></div>
</div>
</div>



<div class="wp-block-column has-text-color has-background has-link-color wp-elements-168f49aa9159d89719d0d9b00ffcf15d is-layout-flow wp-block-column-is-layout-flow" style="color:#000000;background:linear-gradient(152deg,rgb(202,248,128) 29%,rgb(113,206,126) 100%);padding-top:2em;padding-right:2em;padding-bottom:2em;padding-left:2em">
<h6 class="wp-block-heading" id="family" style="font-size:40px"><strong>Guiado General</strong> (<sub><sup>Historia Natural</sup></sub>)</h6>



<p class="has-normal-font-size" style="line-height:1.5"><strong>Disfruta el Bosque Nuboso acompañado de nuestros Guías Locales</strong></p>



<hr class="wp-block-separator has-css-opacity is-style-wide"/>



<ul class="wp-block-list has-normal-font-size">
<li>Caminata interpretativa por 2.5 horas</li>



<li>Bebida de cortesía (Café o Té)</li>



<li>Grupos de 10 personas</li>
</ul>



<div class="wp-block-buttons alignfull is-horizontal is-content-justification-center is-layout-flex wp-container-core-buttons-is-layout-03627597 wp-block-buttons-is-layout-flex">
<div class="wp-block-button has-custom-width wp-block-button__width-100"><a class="wp-block-button__link has-white-color has-text-color has-background no-border-radius wp-element-button" style="background-color:#000000"><strong>₡</strong> 20,000 Adulto Regular</a></div>



<div class="wp-block-button has-custom-width wp-block-button__width-100"><a class="wp-block-button__link has-white-color has-text-color has-background no-border-radius wp-element-button" style="background-color:#000000"><strong>₡</strong> 19,000 Adulto Mayor</a></div>



<div class="wp-block-button has-custom-width wp-block-button__width-100"><a class="wp-block-button__link has-white-color has-text-color has-background no-border-radius wp-element-button" style="background-color:#000000"><strong>₡</strong> 17,500 Estudiante (ID)</a></div>



<div class="wp-block-button has-custom-width wp-block-button__width-100"><a class="wp-block-button__link has-white-color has-text-color has-background no-border-radius wp-element-button" style="background-color:#000000"><strong>₡</strong> 15,000 Niño (8-12)</a></div>
</div>
</div>



<div class="wp-block-column has-text-color has-background has-link-color wp-elements-322dbca6a2d4899a789deface8d57a31 is-layout-flow wp-block-column-is-layout-flow" style="color:#000000;background:linear-gradient(135deg,rgb(64,245,245) 0%,rgb(104,210,237) 36%,rgb(4,39,198) 100%);padding-top:2em;padding-right:2em;padding-bottom:2em;padding-left:2em">
<h2 class="wp-block-heading" id="patron" style="font-size:40px"><strong>Guiado Privado o Especializado</strong> Aves</h2>



<p class="has-normal-font-size"><strong>Una Caminata Guiada con un enfoque específico</strong></p>



<hr class="wp-block-separator has-css-opacity is-style-wide"/>



<ul class="wp-block-list has-normal-font-size">
<li>Caminata interpretativa por un máximo de 3 horas</li>



<li>Horario a Conveniencia</li>



<li>1 a 3 personas + 4ta Persona adicional</li>
</ul>



<div class="wp-block-buttons alignfull is-horizontal is-content-justification-center is-layout-flex wp-container-core-buttons-is-layout-03627597 wp-block-buttons-is-layout-flex">
<div class="wp-block-button has-custom-width wp-block-button__width-100"><a class="wp-block-button__link has-white-color has-text-color has-background no-border-radius wp-element-button" style="background-color:#000000"><strong>₡</strong> 80,000 Privada</a></div>



<div class="wp-block-button has-custom-width wp-block-button__width-100"><a class="wp-block-button__link has-white-color has-text-color has-background no-border-radius wp-element-button" style="background-color:#000000"><strong>₡</strong> 100,000 Especializada</a></div>



<div class="wp-block-button has-custom-width wp-block-button__width-100"><a class="wp-block-button__link has-white-color has-text-color has-background no-border-radius wp-element-button" style="background-color:#000000"><strong>₡</strong> 20,000 Persona Adicional</a></div>
</div>
</div>
</div>



<p class="has-text-align-center">Tarifas vigentes del <strong>1 de enero al 31 de Diciembre 2026</strong>. </p>



<div class="wp-block-columns is-layout-flex wp-container-core-columns-is-layout-28f84493 wp-block-columns-is-layout-flex">
<div class="wp-block-column is-layout-flow wp-block-column-is-layout-flow">
<iframe frameborder="0" src="https://docs.google.com/forms/d/e/1FAIpQLSf_W-zYoPgIuJixcVq6rAn3kDn1airCc31HQoGSkJI4C4ypFg/viewform?usp=sf_link" class="" style="width:100%;max-width:100%;height:2000px"></iframe>
</div>



<div class="wp-block-column is-layout-flow wp-block-column-is-layout-flow">
<h2 class="wp-block-heading">Contactos</h2>



<p>Para contactarnos directamente puede utilizar los canales de: </p>



<div class="wp-block-buttons is-layout-flex wp-block-buttons-is-layout-flex">
<div class="wp-block-button is-style-fill"><a class="wp-block-button__link has-ast-global-color-5-color has-light-green-cyan-to-vivid-green-cyan-gradient-background has-text-color has-background has-link-color wp-element-button" href="https://api.whatsapp.com/send?phone=50685329090">Whatsapp</a></div>



<div class="wp-block-button"><a class="wp-block-button__link has-ast-global-color-5-color has-vivid-cyan-blue-to-vivid-purple-gradient-background has-text-color has-background has-link-color wp-element-button" href="https://t.me/ReservaSantaElena">Telegram</a></div>



<div class="wp-block-button is-style-fill"><a class="wp-block-button__link has-ast-global-color-5-color has-luminous-vivid-amber-to-luminous-vivid-orange-gradient-background has-text-color has-background has-link-color wp-element-button" href="mailto:reservaciones@reservasantaelena.org">Correo</a></div>
</div>



<div class="wp-block-columns is-layout-flex wp-container-core-columns-is-layout-28f84493 wp-block-columns-is-layout-flex">
<div class="wp-block-column is-layout-flow wp-block-column-is-layout-flow" style="flex-basis:600px">
<p>Teléfonos: +506 8532 9090</p>



<p>reservaciones@reservasantaelena.org </p>
</div>



<div class="wp-block-column is-layout-flow wp-block-column-is-layout-flow">
<p></p>
</div>
</div>



<div class="wp-block-columns is-layout-flex wp-container-core-columns-is-layout-28f84493 wp-block-columns-is-layout-flex">
<div class="wp-block-column is-layout-flow wp-block-column-is-layout-flow">
<figure class="wp-block-image size-large"><img fetchpriority="high" decoding="async" width="699" height="1024" src="https://reservasantaelena.org/wp-content/uploads/2025/04/Reglas-V24-Peq-699x1024.png" alt="" class="wp-image-577" srcset="https://reservasantaelena.org/wp-content/uploads/2025/04/Reglas-V24-Peq-699x1024.png 699w, https://reservasantaelena.org/wp-content/uploads/2025/04/Reglas-V24-Peq-205x300.png 205w, https://reservasantaelena.org/wp-content/uploads/2025/04/Reglas-V24-Peq-768x1125.png 768w, https://reservasantaelena.org/wp-content/uploads/2025/04/Reglas-V24-Peq-1049x1536.png 1049w, https://reservasantaelena.org/wp-content/uploads/2025/04/Reglas-V24-Peq-500x732.png 500w, https://reservasantaelena.org/wp-content/uploads/2025/04/Reglas-V24-Peq-800x1172.png 800w, https://reservasantaelena.org/wp-content/uploads/2025/04/Reglas-V24-Peq-1280x1875.png 1280w, https://reservasantaelena.org/wp-content/uploads/2025/04/Reglas-V24-Peq.png 1311w" sizes="(max-width: 699px) 100vw, 699px" /></figure>
</div>
</div>
</div>
</div>

<p>Auto Guiado Caminata por nuestra red de senderos (no necesita reservación previa) Guiado General (Historia Natural) Disfruta el Bosque Nuboso [&hellip;]</p>

Auto Guiado Caminata por nuestra red de senderos (no necesita reservación previa) Guiado General (Historia Natural) Disfruta el Bosque Nuboso [&hellip;]
